*j - 10. Determine m(n).
4
Let o(h) = -38*h + 54. Let k(y) = -18*y + 25. Let u(i) = -13*k(i) + 6*o(i). Let m(b) = 2*b - 35. Let c be -12*3*4/(-8). Let j be m(c). Determine u(j).
5
Suppose -204 = -10*a - 634. Let o = -36 - a. Suppose 0 = -0*k + o*k + 28. Let p(j) = -j**3 - 4*j**2 + j + 4. What is p(k)?
0
Suppose 17*r = 15*r + 24. Suppose -11*o + h + r = -13*o, 0 = -o - 4*h - 13. Let c(n) = -n**3 - 5*n**2 + 5. Calculate c(o).
5
Let s be ((-6)/(-21))/(11 - (-803)/(-77)). Let p(y) be the first derivative of -10*y - 6 + s*y**2. Determine p(8).
-2
Let c be (-516)/42 - (-1 + 5/7). Let w = 18 + c. Let n(r) = -r**2 + 77*r - 4 + 2*r**2 - 42*r - 42*r. What is n(w)?
-10
Let p(l) be the first derivative of -l**3 + 9*l**2/2 + 10*l - 2417. Give p(8).
-110
Let v(a) be the first derivative of a**2 - 6*a + 168. What is v(6)?
6
Let h be 0 + (-6)/33 + 114/22. Suppose 0*z - z = h. Let f(c) = -c**3 - 6*c**2 + 3*c + 7. Determine f(z).
-33
Let q(r) be the first derivative of 32 + 5*r**2 - 12*r - 1/3*r**3. Let b be ((-2 - -11)*-2)/(-2). Give q(b).
-3
Let l(c) be the first derivative of c**3/3 + 2*c - 28. Let z(v) = 4*v**2 + 14*v - 2. Let n(r) = -3*l(r) + z(r). What is n(-15)?
7
Let n(j) = -12*j**2 - 9*j + 6. Let b(f) = -403*f + 9270. Let s be b(23). Calculate n(s).
-15
Let l(u) = 1. Let s(b) = -4*b - 67. Let h(v) = -4*l(v) + s(v). Let x be h(-19). Let z(p) = p + 3. Determine z(x).
8
Let o(l) = -11 + l**2 - l**3 + 3*l**3 - l**3 - l. Suppose 0 = -4*i - 19*f + 21*f + 16, -5*i - 4*f = 32. Calculate o(i).
-11
Suppose -6 = -t - 4. Let h(v) = -10*v**2 - 4*v**3 + v**3 - t + 4*v**3. Determine h(10).
-2
Let o(r) be the third derivative of -r**6/120 - r**5/60 + 13*r**3/6 + 1053*r**2. Let d be (-1 + -1)/(2/3). Let z be 0/((3/1)/d). Calculate o(z).
13
Let p(r) = r**2 + 5*r + 9. Let d be p(-3). Suppose 3*v - 6 = d*b, 5*v + 4*b = b + 2. Let j(k) = k - 6*k + 1 - 3*k. Calculate j(v).
-7
Let z(p) = -p + 5. Let u(g) = 14*g - 74. Let y(v) = u(v) + 5*z(v). Determine y(5).
-4
Let y(a) = 3 + 4*a**2 + 4319*a - 86 - 5*a**2 - 4293*a + 10. Determine y(23).
-4
Let l(c) = -c**2 + 2*c - 2. Suppose 29*b = -21*b + 60*b. Give l(b).
-2
Let r = 3 - 0. Let a(g) be the second derivative of 5*g**3/2 + 2*g**2 + 1750*g - 1. What is a(r)?
49
Let x(l) = 6*l + 22 - 11463*l**2 - 33 + 11460*l**2 + 3*l. What is x(8)?
-131
Let v = -31 + 29. Let z(r) = -r**2 + 2*r. Let n(k) = k**2 - 10*k + 1. Let d(f) = n(f) + 4*z(f). Give d(v).
-7
Let v be ((-42)/4)/(24/336). Let a = 155 + v. Let s(i) = i + 5. Let g(y) = 3*y + 10. Let j(q) = -2*g(q) + 5*s(q). Calculate j(a).
-3
Let x be (-270)/(-42) + -6 + (-8)/(-14). Let c be 34/6 - x/(-3). Let g(q) = -2*q + c + 5 + 1 - 6. What is g(6)?
-6
Let k(c) = c**2 + 7*c - 15. Let j = 1987 - 2000. Calculate k(j).
63
Suppose 6 = d - 5. Let p(n) = -2 - d*n - 3*n - n**2 + 23*n - 2*n. Suppose -6*q = -3*q - 18. What is p(q)?
4
Let f = 8407 - 8408. Suppose -5*a + 4*m + 18 = 0, 0*m = 4*m + 8. Let y(n) = 0 - a*n - 1 + 0 - 20*n**2. Determine y(f).
-19
Let n(p) = 5*p + 9. Let z(u) = -5*u - 10. Let a(b) = 7*n(b) + 6*z(b). Let f(r) = 626*r + 6256. Let v be f(-10). Calculate a(v).
-17
Let j(i) = -5*i**2 + 3*i - 2. Let q(f) = -f**2 + f. Let l(g) = j(g) - 6*q(g). Let b be l(4). Let v(r) = r - r**2 - b*r + 15 - 12. Determine v(0).
3
Let a be (-3)/((-3)/6*2). Suppose 5*t - 4*u = 9*t - 68, -a = 3*u. Suppose -t = -3*q - 0. Let f(y) = y**2 - 5*y. Give f(q).
6
Let m(y) = -110 + 267*y - 135*y + 99 - 137*y. Calculate m(12).
-71
Suppose 18*o + 107 = -379. Let y = 68 + -41. Let n = o + y. Let b(w) = w + 5. Calculate b(n).
5
Let x(z) = z**3 + 10*z**2 + 8*z - 12. Let v(a) = a**2 - a - 1. Let t be v(-2). Let o be (9/12)/(t/(-60)). What is x(o)?
-3
Let d(j) = -j**2 - 88195*j + 88171*j + 0*j**2 - 1. What is d(-24)?
-1
Let c(z) be the first derivative of z**3/3 - 2*z**2 - 28*z + 870. What is c(-4)?
4
Suppose -2 - 106 = 5617*u - 5629*u. Let l(n) = -2*n**2 + 11*n + 21. Let d(r) = r**2 - 6*r - 10. Let t(k) = -9*d(k) - 4*l(k). Give t(u).
15
Let z(k) be the third derivative of k**4/24 - 7*k**3/6 - 980*k**2. Determine z(15).
8
Let d(g) = g**2 - 6*g - 3. Suppose 0 = 37*w - 32*w - 185. Suppose 7*h + 2 = w. Calculate d(h).
-8
Let x(c) be the second derivative of -c**4/4 - 19*c**3/3 + 5*c**2/2 + 1429*c. Determine x(-13).
-8
Let h(q) be the third derivative of 0 + 1/60*q**5 + 0*q + 0*q**3 + 6*q**2 - 1/24*q**4 + 2/15*q**6. Let f(n) = -n + 8. Let m be f(7). Determine h(m).
16
Let p(w) = w**3 - w**2 - 3*w - 4. Let j(d) = -d + 1. Let v be j(5). Let y be (4/16)/(v/(-208)). Suppose -2*t - 33 = -y*t. Calculate p(t).
5
Let a(f) = 13*f - 36 - 41*f + f**2 + 14*f + 12*f + 8*f. Give a(5).
19
Let s(p) be the first derivative of -39 + 1/4*p**4 - 2/3*p**3 - 1/2*p**2 - p. Calculate s(2).
-3
Let n(f) = -2*f**2 + 35*f - 12. Suppose 2*i - 240 = 3*i - 16*i. What is n(i)?
36
Let j(f) = 10*f - 5. Suppose 10*y - 12 = 22*y - 15*y. Give j(y).
35
Let i(t) be the second derivative of -t**4/12 + 8*t**3/3 - 2*t**2 + 440*t. Determine i(14).
24
Suppose -22 = 4*d - 14. Let o = -20 - -22. Let l(x) = x**3 - 5*x + 2 + 0 + 3*x - 7*x**o + 5*x**2. What is l(d)?
-10
Let y(h) be the third derivative of -h**5/60 + h**4/8 - 2*h**3/3 - 40*h**2 - h - 251. Suppose 5*q - 6 - 4 = 0. Suppose 4 = 2*d - q. Determine y(d).
-4
Suppose -4*s + 2*s - 2 = 0. Let x be 10 + -6 - (s - 0). Let c = x + 0. Let b(u) = -u**3 + 4*u**2 + 6*u + 4. Give b(c).
9
Let x be 3*((-1)/((-4)/(-8)))/(-2). Let s(i) = i**3 - 4*i**2 + i + 2. What is s(x)?
-4
Let m(w) = -w**3 - 59*w**2 + 121*w - 48. Let g be m(-61). Let d(t) = t + 10. What is d(g)?
23
Let o(a) = -a + 7. Let x be o(10). Let l(r) = 93*r**3 - 2*r**2 - 238*r**3 - 2 + 144*r**3 + 2*r + r. Give l(x).
-2
Let o(p) = p**3 + 13*p**2 - 13*p + 10. Let d be 10/(-5) + (-2)/1 + 5. Let h be (5 - d - 3)*-15 - -1. What is o(h)?
-4
Let z(b) be the first derivative of b**4 + 2*b**3/3 - b**2 + b - 3767. Let y(v) = -v**2 - 6*v + 8. Let p be y(-7). Give z(p).
5
Let w(n) = n**2 + n. Let c(j) be the first derivative of -2*j**2 + 3*j + 68. Let b be c(1). Determine w(b).
0
Let p = -852 + 526. Let m = p - -328. Let o(j) be the third derivative of j**6/60 - j**5/15 + j**4/8 - j**3/6 - 2*j**2. Give o(m).
5
Let q(r) = -23*r + 141. Let b be 28/392 - (-498)/84. What is q(b)?
3
Let y be 2/((-3)/(45/6)). Let r(b) = 3*b**2 - 6. Let l be r(4). Let a(z) = 14*z + l - 13*z - 43. Calculate a(y).
-6
Let p(l) = -24*l - 132. Let r be p(-4). Let a be (r/(-15))/(3 + 85/(-25)). Let x(v) = 5*v - 5. Calculate x(a).
-35
Let c(k) = -5*k + 1. Suppose 0 = -3*g - 14*g - 1020. Let l(q) = q + 62. Let u be l(0). Let d = g + u. What is c(d)?
-9
Let i(n) be the second derivative of -13*n**3/6 - 9*n**2/2 + 62*n - 2. Determine i(-5).
56
Let r(a) = 17*a - 1. Let t = 27 + -2. Suppose -9*s + 4*s + t = 0. Let l = -6 + s. Determine r(l).
-18
Let y(s) = s**2 - s - 1. Suppose b = -0*b + 13. Suppose 3*k + b + 41 = 0. Let q be -1 + ((-4)/k - (-275)/99). Give y(q).
1
Let m = 2312 + -2308. Let b(t) = -6*t + 29. Give b(m).
5
Let u(o) = -4*o**2 + 6*o - 8. Let g(j) = 3*j**2 - 4*j + 6. Let k(c) = -5*g(c) - 4*u(c). Determine k(5).
7
Let a = 4 - -1. Let w(x) = x**3 - 2 + 4 - 4 - 6*x**2 + 4 + a*x. Let n(b) = -b**2 + 20*b + 48. Let k be n(22). Give w(k).
-10
Let g(h) = h**2 - 20*h + 23. Let m be g(19). Let x(v) = 6*v - 6. Let b(p) = -13*p + 13. Let f(c) = m*b(c) + 9*x(c). Give f(-8).
-18
Let b(f) = -f**3 + 79*f**2 + 77*f + 234. Let y be b(80). Let w(q) = 2*q**3 + 15*q**2 + 16*q - 2. Determine w(y).
10
Let q = 312 - 308. Let m(h) = -12*h + 51. Calculate m(q).
3
Let s be 25*21/105 + -1. Let q(u) = -16*u + 21. Calculate q(s).
-43
Let j(c) = -c**2 + 19*c + 12. Let r(g) = g**2 + 41*g + 346. Let h be r(-11). Give j(h).
60
Let g(a) = -a**2 + 8*a - 20. Let c be (-9)/(-18)*-14 + 13. Calculate g(c).
-8
Let b be 3/(-7) - (8370/35)/9. Let u = b + 25. Let q be 6/(u/(-1))*2. Let s(w) = w**2 - 7*w + 7. Give s(q).
1
Let z be (17 - 22 - (-36)/4) + -7. Let n(s) = s**3 + s**2 - 6*s - 7. Calculate n(z).
-7
Let a be 20*(7 - (-27)/(-4)). Let f(u) = u**2 - 8*u - 3. Calculate f(a).
-18
Let c(v) = -5*v**2 + 53*v. Let i be c(10). Let t(j) = -27*j + i*j - 17 + 22. Calculate t(-3).
-4
Let c = -339 - -353. Suppose -4*l - 22 = -2*t - 2*l, 0 = -4*t - 2*l + c. Let v(z) = -3*z - 1. What is v(t)?
-19
Let d(l) = -l**2 - 6*l - 1. Let g(j) = j**2 - j - 1